74979. Calculate d(8).
-5
Let z(q) = 9*q**2 - 157*q + 446. Determine z(14).
12
Let z(x) = -8665*x + 61052. Calculate z(7).
397
Let t(f) = -94*f**3 + 3762*f**2 - 81*f - 167. Calculate t(40).
-207
Let g(n) = -3*n**2 - 477*n + 3523. Calculate g(-166).
37
Let b(v) = -v**3 + 41*v**2 + 38*v - 2164. Give b(41).
-606
Let x(z) = 2661*z - 87867. Determine x(33).
-54
Let z(c) = -19*c**2 - 281*c - 1698. What is z(-6)?
-696
Let i(y) = -87*y - 4278. What is i(-58)?
768
Let u(o) = o**3 + 189*o**2 + 23306*o + 4119026. Calculate u(-184).
2
Let l(u) = 8341*u - 16527. What is l(2)?
155
Let o(q) = -61368*q - 490663. Calculate o(-8).
281
Let q(l) = 128073*l - 512272. Determine q(4).
20
Let u(x) = 7246*x - 405789. What is u(56)?
-13
Let o(l) = -344*l**2 + 1705*l + 13. Calculate o(5).
-62
Let s(r) = -r**3 + 2*r**2 - 1754*r - 32659. Calculate s(-16).
13
Let o(t) = -447*t - 206943. What is o(-463)?
18
Let t(l) = l**2 + 214*l + 4430. Determine t(-30).
-1090
Let l(p) = 5*p**3 + 275*p**2 + 24*p + 1073. What is l(-55)?
-247
Let s(h) = 3*h**3 - 6*h**2 - 489*h + 982. Give s(2).
4
Let t(y) = -381*y**2 - 20272*y + 35. Determine t(-53).
4222
Let c(d) = 298*d**2 - 4113*d + 68. Determine c(14).
894
Let q(p) = -8766*p - 464600. Calculate q(-53).
-2
Let d(a) = 21*a**2 + 369*a - 14588. What is d(19)?
4
Let a(h) = 117*h**2 + 169*h + 655. Determine a(-4).
1851
Let m(z) = -44*z**2 - 1072*z - 83. Calculate m(-25).
-783
Let a(y) = y**3 + 10*y**2 + 176*y - 1380. Determine a(8).
1180
Let z(m) = -38557*m + 2274860. Give z(59).
-3
Let t(u) = -1412669*u + 22602702. What is t(16)?
-2
Let t(z) = -268*z + 12129. Calculate t(46).
-199
Let t(g) = 7*g + 1009. Give t(-139).
36
Let s(m) = m**3 + 382*m**2 - 5538*m + 2362. Give s(-396).
-14
Let g(l) = l**2 + 1094*l + 11895. Determine g(-11).
-18
Let p(x) = 4*x**3 - 4*x**2 + 68*x - 206. Determine p(3).
70
Let t(w) = -5*w**3 - 98*w**2 + 143*w - 524. Give t(-21).
-440
Let m(x) = -x + 331. Determine m(23).
308
Let s(z) = -18455*z - 369062. What is s(-20)?
38
Let x(b) = -375*b + 2187. What is x(6)?
-63
Let n(k) = -5638*k - 5928. Calculate n(-1).
-290
Let d(o) = o**3 - 11*o**2 - 229*o + 2812. Calculate d(12).
208
Let n(v) = -45*v**3 - 6031*v**2 - 139*v - 680. Calculate n(-134).
-10
Let b(n) = -n**2 - 1340*n - 19094. Calculate b(-14).
-530
Let m(l) = 327021*l + 2943266. Determine m(-9).
77
Let c(l) = l**3 - 45*l**2 + 153*l + 3145. What is c(39)?
-14
Let h(b) = -342*b**2 + 4118*b - 57. Give h(12).
111
Let s(r) = -3*r**2 + 1385*r - 156263. Determine s(265).
87
Let p(o) = 445*o + 595. Calculate p(-14).
-5635
Let b(i) = -97038*i - 96717. Determine b(-1).
321
Let r(t) = 18*t**3 - 4*t**2 - 255*t + 520. What is r(2)?
138
Let w(u) = -38740*u + 193696. Give w(5).
-4
Let g(l) = -3*l**3 + 130*l**2 - 1241*l - 130. Give g(29).
44
Let l(d) = d**2 + 684381*d + 1368766. Determine l(-2).
8
Let r(v) = v**3 - 3*v**2 - 221*v + 451. What is r(2)?
5
Let o(r) = -30*r**2 - 167*r + 92. Calculate o(-12).
-2224
Let m(a) = -2*a**3 + 25*a**2 + 15*a - 202. Determine m(8).
494
Let i(t) = -122*t + 1131. What is i(9)?
33
Let f(w) = 1760*w + 163112. Calculate f(-92).
1192
Let u(g) = g**3 + 44*g**2 - 356*g + 54. Determine u(-51).
3
Let x(h) = 18*h**2 + 49*h - 287. Give x(8).
1257
Let k(l) = 2*l**3 + 2*l**2 - 23*l - 440. Give k(5).
-255
Let v(n) = 61*n + 9310. What is v(-125)?
1685
Let w(u) = -5021*u + 19728. Give w(4).
-356
Let h(i) = -1812*i**2 - 23543*i + 163. Determine h(-13).
-6
Let i(k) = 2*k**3 + 71*k**2 + 26*k - 315. Calculate i(-35).
0
Let n(o) = 304*o + 41351. Give n(-136).
7
Let o(l) = 42*l**2 - 220*l - 26. Calculate o(5).
-76
Let j(b) = 57*b**3 - 7065*b**2 - 385*b + 1610. What is j(124)?
-2
Let k(c) = 2244*c - 538555. Calculate k(240).
5
Let q(t) = 28*t**3 - 2*t**2 + 3*t + 347. Calculate q(0).
347
Let v(l) = -692*l - 45135. What is v(-66)?
537
Let i(x) = 56*x**2 + 1903*x - 1932. Give i(-35).
63
Let c(z) = -5974*z**2 + 973765*z - 478. Give c(163).
11
Let c(p) = 18*p**2 - 1097*p - 2199. Determine c(-2).
67
Let x(s) = -525*s**2 + 16925*s + 16923. Calculate x(-1).
-527
Let i(x) = -x**2 - 2119*x - 44127. Determine i(-21).
-69
Let l(m) = -11*m**3 - 363*m**2 + 9*m - 232. What is l(-33)?
-529
Let a(j) = -j**3 - 374*j**2 - 1667*j - 69208. Calculate a(-370).
-18
Let r(j) = -113650*j - 454811. Determine r(-4).
-211
Let d(g) = -35*g**3 - g**2 - 6*g - 1232. What is d(0)?
-1232
Let d(h) = h**3 + 2*h**2 - 71*h + 279. Determine d(0).
279
Let p(m) = -3*m**3 + 192*m**2 + 3002*m + 71. Calculate p(77).
-6
Let d(i) = -i**3 - 12*i**2 + 275*i + 1475. Determine d(-22).
265
Let l(t) = 268*t - 3879. What is l(12)?
-663
Let k(h) = -116*h**2 + 11161*h - 13402. Calculate k(95).
-7
Let j(h) = h**3 - 320*h**2 - 68035*h + 155. Calculate j(-146).
9
Let p(f) = -1406*f - 89968. Give p(-64).
16
Let g(p) = -14968*p - 1736285. Calculate g(-116).
3
Let i(o) = -237*o - 2375. What is i(-11)?
232
Let u(m) = 2*m**3 + 2*m**2 + 88*m - 523. What is u(5)?
217
Let s(f) = 290*f**3 + 11*f**2 + 14*f - 19. Give s(1).
296
Let s(x) = 1391*x - 40363. Give s(29).
-24
Let x(f) = -2*f**3 - 73*f**2 + 35*f + 2255. Give x(-36).
-301
Let f(b) = -8*b**3 - 26*b**2 + 368*b + 1162. Determine f(-3).
40
Let q(t) = 13*t**3 + 730*t**2 + 157*t + 2435. What is q(-56)?
-85
Let v(c) = -17068*c - 221754. Give v(-13).
130
Let v(x) = 2*x**2 - 6700*x - 73927. Determine v(-11).
15
Let r(w) = -4*w**3 - 1557*w**2 - 103667*w - 900. Give r(-304).
12
Let r(n) = -120*n**2 + 4800*n + 12. What is r(40)?
12
Let x(r) = -14554*r + 87937. What is x(6)?
613
Let g(y) = 4722*y - 37818. Determine g(8).
-42
Let k(w) = 2*w**2 + 13572*w - 135950. Determine k(10).
-30
Let o(w) = 45*w**2 + 370*w + 547. Determine o(-11).
1922
Let j(d) = 852*d + 1237. Calculate j(-1).
385
Let z(r) = -28*r**3 + 1428*r**2 - 11*r + 70. What is z(51)?
-491
Let t(x) = -27*x - 1154. Give t(-29).
-371
Let n(d) = -35657*d - 142632. What is n(-4)?
-4
Let m(j) = -1046*j**2 - 17720*j + 58. Determine m(-17).
-996
Let d(o) = o**2 - 1999*o - 91904. Determine d(-46).
2166
Let v(j) = 8*j**2 + 2570*j - 9977. Give v(-325).
-227
Let i(n) = -3*n**2 + 4083*n + 8176. Determine i(-2).
-2
Let m(w) = -47*w**2 - 22*w - 19. Determine m(4).
-859
Let w(m) = -4666*m + 18942. What is w(4)?
278
Let s(z) = 269557*z + 2965123. Calculate s(-11).
-4
Let o(n) = -n**2 - 7285*n + 293003. Calculate o(40).
3
Let w(n) = -14*n**2 - 42*n + 1242. Determine w(8).
10
Let t(u) = -u**3 - 19*u**2 - 250*u - 1013. Determine t(-6).
19
Let i(h) = -1329*h + 26581. What is i(20)?
1
Let g(y) = 23*y**3 + 4729*y**2 - 1853*y + 375. Calculate g(-206).
169
Let r(a) = -a**3 + 49*a**2 - 175*a + 137. Calculate r(3).
26
Let g(h) = -685300*h + 2741195. Give g(4).
-5
Let d(v) = -1361*v**2 - 33*v + 32. Determine d(1).
-1362
Let u(n) = n**2 + 196712*n - 1573757. What is u(8)?
3
Let k(x) = -3*x**2 + 330*x - 146. Give k(110).
-146
Let d(z) = z**2 + 2*z - 6630. Calculate d(-83).
93
Let y(s) = 3*s**3 - 121*s**2 + 64*s - 963. What is y(40)?
-3
Let d(x) = 383994*x - 1151970. Calculate d(3).
12
Let b(g) = 559*g - 1983. What is b(4)?
253
Let c(d) = -2572*d + 199091. Calculate c(77).
1047
Let q(h) = -12*h**2 + 2212*h + 1618. Calculate q(185).
138
Let c(l) = 1828*l + 16205. Give c(-9).
-247
Let j(n) = -4*n**3 + 10*n**2 + 188*n - 87. Calculate j(8).
9
Let u(v) = -v**2 + 1199*v - 119899. What is u(110)?
-109
Let t(r) = 2*r**3 - 556*r**2 + 3360*r - 171989. Determine t(273).
1
Let u(p) = 2*p**2 + 10960*p + 43844. Determine u(-4).
36
Let g(w) = -w**2 + 106*w - 487. Give g(75).
1838
Let l(r) = 55*r**3 + 16826*r**2 - 1176*r + 14690. Give l(-306).
2
Let a(y) = -y**3 + 5*y**2 - 1833*y + 159. Calculate a(0).
159
Let o(z) = -552*z + 189675. Give o(344).
-213
Let g(b) = b**3 + 94*b**2 - 49*b - 13180. Calculate g(-93).
26
Let v(z) = -6*z**3 + 25*z**2 - 42*z + 787. Give v(7).
-340
Let n(l) = -l**2 - 2241*l - 971848. Calculate n(-588).
116
Let c(f) = -f**3 - 155*f**2 - 312*f - 838. Calculate c(-153).
80
Let s(f) = -f**3 - 32*f**2 - 232*f + 178. Give s(-20).
18
Let z(m) = -37*m**2 - 303*m + 2395. Determine z(5).
-45
Let t(j) = 61*j**2 - 578*j + 1721. Determine t(3).
536
Let b(h) = -h**3 - 324*h**2 + 1333*h + 6869. Determine b(-328).
-19
Let u(s) = -11072*s + 88592. Give u(8).
16
Let s(l) = 3*l**2 - 17720*l + 563972. Give s(32).
4
Let r(p) = -p**3 + 9*p**2 - 175. Give r(9).
-175
Let h(u) 